 base 6
111232
-1000110100001011110 (base 2) to base 4
-1012201132
Convert 41363544 (base 7) to base 9.
6480763
What is 1418721 (base 9) in base 13?
214405
What is 8427673 (base 10) in base 3?
120212011121001
Convert 15b35 (base 15) to base 8.
210611
What is -4b5176 (base 12) in base 10?
-1232298
What is -49a324a (base 11) in base 13?
-1a519aa
b73e3 (base 15) to base 16
8df0c
What is -20556116 (base 7) in base 6?
-101223502
a02a5 (base 11) to base 10
146767
Convert 111220200233 (base 4) to base 3.
101200010002112
Convert -20e526 (base 15) to base 16.
-17e9b9
What is -1011110101100 (base 2) in base 12?
-3610
What is 84b2d3 (base 16) in base 6?
510221415
What is 2c84c (base 16) in base 9?
307118
What is 77412 (base 12) in base 7?
1225112
258c48 (base 13) to base 7
10456434
-53796 (base 12) to base 7
-635442
What is 314 (base 15) in base 14?
378
-872004 (base 9) to base 13
-152782
Convert -1c790a8 (base 14) to base 6.
-1230002020
-2221400 (base 5) to base 14
-102bd
Convert 98980 (base 14) to base 6.
11530552
Convert 101210111122 (base 3) to base 4.
303320123
6e0b0c (base 15) to base 8
24060037
-501543 (base 7) to base 15
-1a139
What is -22431035 (base 6) in base 5?
-134012130
48340 (base 14) to base 8
530204
What is -6916612 (base 10) in base 14?
-cc08ba
What is -838382 (base 9) in base 3?
-221022102202
-1c666 (base 14) to base 8
-215642
What is 1b422 (base 12) in base 4?
21312122
-29352 (base 12) to base 3
-2220220022
Convert -1013005431 (base 6) to base 4.
-220003030123
Convert 11122310130 (base 4) to base 10.
1420572
Convert -a35a (base 11) to base 12.
-7b4a
-4104340 (base 6) to base 11
-123893
What is 60f8f (base 16) in base 4?
1200332033
3557 (base 13) to base 12
4418
What is -5042138 (base 10) in base 3?
-100111011111212
46459 (base 12) to base 11
64656
Convert 1110100100111011001 (base 2) to base 14.
c6105
-254d0 (base 16) to base 13
-54708
What is 32995 (base 14) in base 8?
357407
What is -153633 (base 10) in base 12?
-74aa9
Convert -6267304 (base 8) to base 6.
-55420244
What is -133201331 (base 4) in base 13?
-46a27
Convert 515310125 (base 6) to base 10.
8935973
-152533123 (base 6) to base 10
-3216075
What is -44500462 (base 8) in base 12?
-32703aa
Convert 22021021210101 (base 3) to base 10.
4394989
Convert 513311433 (base 6) to base 12.
2b65579
Convert -1707472 (base 8) to base 7.
-4132240
-122213021 (base 4) to base 2
-11010100111001001
84435 (base 14) to base 10
319135
Convert 315cb2 (base 13) to base 7.
12552043
Convert 30a117 (base 15) to base 6.
121320134
Convert -104c78d (base 14) to base 3.
-112112002120222
What is 201201222220 (base 3) in base 10?
388554
What is 959ac (base 16) in base 5?
124102110
-6192a (base 11) to base 5
-10342143
1703a4 (base 13) to base 4
2023213111
-12332223 (base 6) to base 3
-202101001020
-110211012200 (base 4) to base 6
-311344052
Convert 3230210213 (base 4) to base 9.
1736185
-168118a (base 12) to base 10
-4646842
What is -3012031003 (base 4) in base 12?
-331997
Convert -43215 (base 11) to base 7.
-351064
What is -145a90 (base 11) in base 4?
-313203323
What is -6246513 (base 9) in base 2?
-1100101110111000110011
-2c93a (base 14) to base 11
-76913
-20012111100020 (base 3) to base 10
-3296787
Convert 17407803 (base 9) to base 5.
4214320011
-12633 (base 11) to base 3
-220210002
-371622 (base 15) to base 4
-22003313021
3792017 (base 12) to base 11
61687a7
-1010610 (base 7) to base 6
-2325103
What is -35051623 (base 7) in base 9?
-5701314
Convert -1459771 (base 10) to base 11.
-907825
751027 (base 10) to base 4
2313112303
Convert 102021202122022 (base 3) to base 2.
10110111000100001010111
121023333001 (base 4) to base 2
11001001011111111000001
What is 1454332 (base 6) in base 3?
11022220202
What is a358 (base 13) in base 3?
1010221012
What is -4ec7b (base 15) in base 6?
-5225142
-1100110001010011101 (base 2) to base 13
-118614
What is -716081 (base 9) in base 8?
-1474637
Convert -1b91e (base 16) to base 15.
-236d6
What is 310250 (base 12) in base 5?
144030310
What is 2072a (base 14) in base 16?
131a2
What is 259918 (base 10) in base 15?
5202d
Convert 35505622 (base 7) to base 10.
3144934
-276053 (base 15) to base 14
-374069
Convert -2cc5c (base 15) to base 7.
-1141251
Convert 3232444042 (base 5) to base 13.
1584730
Convert 23413003 (base 5) to base 9.
360137
What is -1360031 (base 7) in base 14?
-4a718
Convert 1350125 (base 9) to base 10.
741497
13795 (base 10) to base 12
7b97
What is 15189 (base 15) in base 16?
1090e
-15401443 (base 7) to base 15
-1e35e1
What is 62335 (base 7) in base 9?
22841
What is 283ac (base 15) in base 11?
88a92
What is 14024245 (base 8) in base 14?
5c22a1
Convert -150406 (base 8) to base 9.
-81355
Convert 47271 (base 15) to base 11.
145344
Convert 10100101010110010 (base 2) to base 5.
10202113
-110011001010000111 (base 2) to base 10
-209543
Convert 4757430 (base 9) to base 3.
11211221111000
331111300 (base 4) to base 11
161848
What is -10211121211 (base 3) in base 7?
-433144
-11837 (base 16) to base 8
-214067
212010211101 (base 3) to base 6
13432444
Convert 236756 (base 8) to base 11.
56171
What is 31101505 (base 6) in base 7?
10414166
Convert 10011001101010011010 (base 2) to base 15.
c6752
What is -207630 (base 8) in base 7?
-406464
Convert -51b98c (base 14) to base 3.
-12012012110201
-16c7bb (base 13) to base 7
-4563600
Convert -137a15 (base 11) to base 8.
-644735
-11011000111110011001111 (base 2) to base 16
-6c7ccf
Convert 101001100110011000101111 (base 2) to base 5.
10242431020
11101101101011010 (base 2) to base 10
121690
Convert -106135 (base 8) to base 7.
-206522
Convert -33302034 (base 5) to base 4.
-1013001032
-2426262 (base 7) to base 10
-309528
What is 12526043 (base 8) in base 15?
3a3939
Convert 150e6d (base 16) to base 6.
45324353
What is -7103651 (base 8) in base 3?
-10111222210112
Convert 330636311 (base 7) to base 2.
1001011110100010111011010
-12520051 (base 8) to base 4
-22222000221
What is -4343641 (base 8) in base 12?
-482395
Convert -5457070 (base 8) to base 13.
-3c4306
-1315446 (base 8) to base 12
-158746
500563 (base 7) to base 8
244545
1170bb5 (base 15) to base 8
57553614
3020110100 (base 4) to base 11
5104a6
What is 38b239 (base 13) in base 15?
1c0030
Convert -130231321 (base 4) to base 9.
-188314
Convert -6a7823 (base 15) to base 2.
-10011011010001011010110
What is -234767 (base 13) in base 10?
-838325
Convert 561632 (base 8) to base 3.
100121201112
What is 164873 (base 9) in base 6?
2104233
2303320302 (base 4) to base 16
b3e32
What is 93648 (base 10) in base 12?
46240
358f88 (base 16) to base 12
1213408
What is 101222202022 (base 3) in base 7?
1560464
12410 (base 7) to base 5
101130
616216 (base 9) to base 7
3051216
-50732 (base 10) to base 16
-c62c
Convert 910777 (base 12) to base 14.
42c151
What is -33122022210 (base 4) in base 2?
-1111011010001010100100
-121333411 (base 5) to base 10
-574231
-2100321 (base 5) to base 11
-23989
-321440442 (base 5) to base 9
-2501017
Convert -1233114042 (base 6) to base 9.
-30127588
Convert a4a48c (base 13) to base 6.
214303440
Convert 392533 (base 13) to base 10.
1376209
Convert -10000000111011111 (base 2) to base 5.
-4103030
-112110320 (base 4) to base 5
-10411243
What is 111011100010011110 (base 2) in base 13?
87003
2520450 (base 6) to base 9
225113
Convert -42234b (base 12) to base 5.
-231300442
Convert -212120012111 (base 3) to base 13.
-133144
Convert 389a03 (base 14) to base 5.
444304314
-1001111100101011 (base 2) to base 9
-61804
3132010213 (base 4) to base 6
31255051
What is -4650606 (base 8) in base 2?
-100110101000110000110
Convert 57d5a (base 14) to base 15.
435b1
What is 7aa211 (base 14) in base 6?
225304531
What is -52212 (base 12) in base 14?
-2b222
What is -10011111100011001 (base 2) in base 12?
-3b335
1ed40 (base 16) to base 13
45623
What is 12130240 (base 5) in base 3?
12210222201
What is b37db5 (base 16) in base 5?
11002410000
Convert 110011330 (base 4) to base 9.
134804
What is -2b4893 (base 14) in base 2?
-101110000110111110001
17334 (base 10) to base 5
1023314
Convert -122220423 (base 5) to base 6.
-20315430
What is -55ccb2 (base 16) in base 11?
-31a0684
What is -571a9 (base 12) in base 15?
-245b9
What is -212311031 (base 4) in base 2?
-100110110101001101
-617184 (base 10) to base 6
-21121200
2aa